[INFO] cloning repository https://github.com/Syfaro/VR-Hass-Power
[INFO] running `Command { std: "git" "-c" "credential.helper=" "-c" "credential.helper=/workspace/cargo-home/bin/git-credential-null" "clone" "--bare" "https://github.com/Syfaro/VR-Hass-Power" "/workspace/cache/git-repos/https%3A%2F%2Fgithub.com%2FSyfaro%2FVR-Hass-Power", kill_on_drop: false }`
[INFO] [stderr] Cloning into bare repository '/workspace/cache/git-repos/https%3A%2F%2Fgithub.com%2FSyfaro%2FVR-Hass-Power'...
[INFO] running `Command { std: "git" "rev-parse" "HEAD", kill_on_drop: false }`
[INFO] [stdout] 55b218b23b710a7c32e691ef8fe86d0a60fa27a2
[INFO] checking Syfaro/VR-Hass-Power against master#e6e4f7ed1589e03bc2f6c5931c1a72e7947e8682 for beta-170-4
[INFO] running `Command { std: "git" "clone" "/workspace/cache/git-repos/https%3A%2F%2Fgithub.com%2FSyfaro%2FVR-Hass-Power" "/workspace/builds/worker-0-tc2/source", kill_on_drop: false }`
[INFO] [stderr] Cloning into '/workspace/builds/worker-0-tc2/source'...
[INFO] [stderr] done.
[INFO] validating manifest of git repo https://github.com/Syfaro/VR-Hass-Power on toolchain e6e4f7ed1589e03bc2f6c5931c1a72e7947e8682
[INFO] running `Command { std: CARGO_HOME="/workspace/cargo-home" RUSTUP_HOME="/workspace/rustup-home" "/workspace/cargo-home/bin/cargo" "+e6e4f7ed1589e03bc2f6c5931c1a72e7947e8682" "metadata" "--manifest-path" "Cargo.toml" "--no-deps", kill_on_drop: false }`
[INFO] started tweaking git repo https://github.com/Syfaro/VR-Hass-Power
[INFO] finished tweaking git repo https://github.com/Syfaro/VR-Hass-Power
[INFO] tweaked toml for git repo https://github.com/Syfaro/VR-Hass-Power written to /workspace/builds/worker-0-tc2/source/Cargo.toml
[INFO] crate git repo https://github.com/Syfaro/VR-Hass-Power already has a lockfile, it will not be regenerated
[INFO] running `Command { std: CARGO_HOME="/workspace/cargo-home" RUSTUP_HOME="/workspace/rustup-home" "/workspace/cargo-home/bin/cargo" "+e6e4f7ed1589e03bc2f6c5931c1a72e7947e8682" "fetch" "--manifest-path" "Cargo.toml", kill_on_drop: false }`
[INFO] running `Command { std: "docker" "create" "-v" "/var/lib/crater-agent-workspace/builds/worker-0-tc2/target:/opt/rustwide/target:rw,Z" "-v" "/var/lib/crater-agent-workspace/builds/worker-0-tc2/source:/opt/rustwide/workdir:ro,Z" "-v" "/var/lib/crater-agent-workspace/cargo-home:/opt/rustwide/cargo-home:ro,Z" "-v" "/var/lib/crater-agent-workspace/rustup-home:/opt/rustwide/rustup-home:ro,Z" "-e" "SOURCE_DIR=/opt/rustwide/workdir" "-e" "CARGO_TARGET_DIR=/opt/rustwide/target" "-e" "CARGO_HOME=/opt/rustwide/cargo-home" "-e" "RUSTUP_HOME=/opt/rustwide/rustup-home" "-w" "/opt/rustwide/workdir" "-m" "1610612736" "--user" "0:0" "--network" "none" "ghcr.io/rust-lang/crates-build-env/linux@sha256:19e73879b68f455e41552ea35293514db52ea292d993f571636dbffedb77a1ee" "/opt/rustwide/cargo-home/bin/cargo" "+e6e4f7ed1589e03bc2f6c5931c1a72e7947e8682" "metadata" "--no-deps" "--format-version=1", kill_on_drop: false }`
[INFO] [stdout] c2f094182bcd05d1ab5d4395f107b9c11e23e38a17f2622dd3dea6d1543646bc
[INFO] running `Command { std: "docker" "start" "-a" "c2f094182bcd05d1ab5d4395f107b9c11e23e38a17f2622dd3dea6d1543646bc", kill_on_drop: false }`
[INFO] running `Command { std: "docker" "inspect" "c2f094182bcd05d1ab5d4395f107b9c11e23e38a17f2622dd3dea6d1543646bc", kill_on_drop: false }`
[INFO] running `Command { std: "docker" "rm" "-f" "c2f094182bcd05d1ab5d4395f107b9c11e23e38a17f2622dd3dea6d1543646bc", kill_on_drop: false }`
[INFO] [stdout] c2f094182bcd05d1ab5d4395f107b9c11e23e38a17f2622dd3dea6d1543646bc
[INFO] running `Command { std: "docker" "create" "-v" "/var/lib/crater-agent-workspace/builds/worker-0-tc2/target:/opt/rustwide/target:rw,Z" "-v" "/var/lib/crater-agent-workspace/builds/worker-0-tc2/source:/opt/rustwide/workdir:ro,Z" "-v" "/var/lib/crater-agent-workspace/cargo-home:/opt/rustwide/cargo-home:ro,Z" "-v" "/var/lib/crater-agent-workspace/rustup-home:/opt/rustwide/rustup-home:ro,Z" "-e" "SOURCE_DIR=/opt/rustwide/workdir" "-e" "CARGO_TARGET_DIR=/opt/rustwide/target" "-e" "CARGO_INCREMENTAL=0" "-e" "RUST_BACKTRACE=full" "-e" "RUSTFLAGS=--cap-lints=forbid" "-e" "RUSTDOCFLAGS=--cap-lints=forbid" "-e" "CARGO_HOME=/opt/rustwide/cargo-home" "-e" "RUSTUP_HOME=/opt/rustwide/rustup-home" "-w" "/opt/rustwide/workdir" "-m" "1610612736" "--user" "0:0" "--network" "none" "ghcr.io/rust-lang/crates-build-env/linux@sha256:19e73879b68f455e41552ea35293514db52ea292d993f571636dbffedb77a1ee" "/opt/rustwide/cargo-home/bin/cargo" "+e6e4f7ed1589e03bc2f6c5931c1a72e7947e8682" "check" "--frozen" "--all" "--all-targets" "--message-format=json", kill_on_drop: false }`
[INFO] [stdout] 94ba6edcf94c5548bfa3908163b091de110e21451dfdcbb5ab70fbac5fc429cb
[INFO] running `Command { std: "docker" "start" "-a" "94ba6edcf94c5548bfa3908163b091de110e21451dfdcbb5ab70fbac5fc429cb", kill_on_drop: false }`
[INFO] [stderr]    Compiling autocfg v1.0.1
[INFO] [stderr]    Compiling libc v0.2.85
[INFO] [stderr]     Checking cfg-if v1.0.0
[INFO] [stderr]    Compiling syn v1.0.60
[INFO] [stderr]    Compiling cc v1.0.66
[INFO] [stderr]     Checking once_cell v1.5.2
[INFO] [stderr]    Compiling serde_derive v1.0.123
[INFO] [stderr]    Compiling serde v1.0.123
[INFO] [stderr]    Compiling const_fn v0.4.5
[INFO] [stderr]     Checking spin v0.5.2
[INFO] [stderr]     Checking untrusted v0.7.1
[INFO] [stderr]    Compiling log v0.4.14
[INFO] [stderr]     Checking tinyvec_macros v0.1.0
[INFO] [stderr]    Compiling rayon-core v1.9.0
[INFO] [stderr]     Checking scopeguard v1.1.0
[INFO] [stderr]    Compiling quote v1.0.8
[INFO] [stderr]     Checking tinyvec v1.1.1
[INFO] [stderr]     Checking tracing-core v0.1.17
[INFO] [stderr]    Compiling serde_json v1.0.61
[INFO] [stderr]     Checking regex-syntax v0.6.22
[INFO] [stderr]    Compiling doc-comment v0.3.3
[INFO] [stderr]     Checking byteorder v1.4.2
[INFO] [stderr]     Checking itoa v0.4.7
[INFO] [stderr]     Checking percent-encoding v2.1.0
[INFO] [stderr]     Checking base64 v0.13.0
[INFO] [stderr]     Checking either v1.6.1
[INFO] [stderr]     Checking form_urlencoded v1.0.0
[INFO] [stderr]     Checking pin-project-lite v0.2.4
[INFO] [stderr]    Compiling crossbeam-utils v0.8.1
[INFO] [stderr]    Compiling memoffset v0.6.1
[INFO] [stderr]    Compiling num-traits v0.2.14
[INFO] [stderr]    Compiling num-integer v0.1.44
[INFO] [stderr]    Compiling rayon v1.5.0
[INFO] [stderr]     Checking tracing-log v0.1.1
[INFO] [stderr]     Checking thread_local v1.1.2
[INFO] [stderr]     Checking sharded-slab v0.1.1
[INFO] [stderr]     Checking smallvec v1.6.1
[INFO] [stderr]     Checking chunked_transfer v1.4.0
[INFO] [stderr]     Checking ansi_term v0.12.1
[INFO] [stderr]    Compiling ring v0.16.20
[INFO] [stderr]    Compiling sysinfo v0.16.0
[INFO] [stderr]     Checking unicode-normalization v0.1.16
[INFO] [stderr]     Checking num_cpus v1.13.0
[INFO] [stderr]     Checking time v0.1.44
[INFO] [stderr]     Checking dirs-sys v0.3.5
[INFO] [stderr]     Checking directories v3.0.1
[INFO] [stderr]     Checking crossbeam-epoch v0.9.1
[INFO] [stderr]     Checking crossbeam-channel v0.5.0
[INFO] [stderr]     Checking crossbeam-deque v0.8.0
[INFO] [stderr]     Checking chrono v0.4.19
[INFO] [stderr]     Checking idna v0.2.0
[INFO] [stderr]     Checking regex-automata v0.1.9
[INFO] [stderr]     Checking regex v1.4.3
[INFO] [stderr]     Checking url v2.2.0
[INFO] [stderr]     Checking matchers v0.0.1
[INFO] [stderr]     Checking webpki v0.21.4
[INFO] [stderr]     Checking sct v0.6.0
[INFO] [stderr]     Checking webpki-roots v0.21.0
[INFO] [stderr]     Checking rustls v0.19.0
[INFO] [stderr]    Compiling tracing-attributes v0.1.11
[INFO] [stderr]     Checking tracing v0.1.22
[INFO] [stderr]     Checking tracing-serde v0.1.2
[INFO] [stderr]     Checking toml v0.5.8
[INFO] [stderr]     Checking tracing-subscriber v0.2.15
[INFO] [stderr]     Checking ureq v2.0.1
[INFO] [stderr]     Checking vr-hass-power v0.1.0 (/opt/rustwide/workdir)
[INFO] [stdout] error[E0308]: mismatched types
[INFO] [stdout]   --> src/main.rs:32:43
[INFO] [stdout]    |
[INFO] [stdout] 32 |         Some(process) => VRState::Running(process.pid()),
[INFO] [stdout]    |                          ---------------- ^^^^^^^^^^^^^ expected `usize`, found `i32`
[INFO] [stdout]    |                          |
[INFO] [stdout]    |                          arguments to this enum variant are incorrect
[INFO] [stdout]    |
[INFO] [stdout] note: tuple variant defined here
[INFO] [stdout]   --> src/main.rs:22:5
[INFO] [stdout]    |
[INFO] [stdout] 22 |     Running(usize),
[INFO] [stdout]    |     ^^^^^^^
[INFO] [stdout] help: you can convert an `i32` to a `usize` and panic if the converted value doesn't fit
[INFO] [stdout]    |
[INFO] [stdout] 32 |         Some(process) => VRState::Running(process.pid().try_into().unwrap()),
[INFO] [stdout]    |                                                        ++++++++++++++++++++
[INFO] [stdout] 
[INFO] [stdout] 
[INFO] [stdout] error[E0308]: mismatched types
[INFO] [stdout]   --> src/main.rs:67:50
[INFO] [stdout]    |
[INFO] [stdout] 67 |                         state = VRState::Running(process.pid())
[INFO] [stdout]    |                                 ---------------- ^^^^^^^^^^^^^ expected `usize`, found `i32`
[INFO] [stdout]    |                                 |
[INFO] [stdout]    |                                 arguments to this enum variant are incorrect
[INFO] [stdout]    |
[INFO] [stdout] note: tuple variant defined here
[INFO] [stdout]   --> src/main.rs:22:5
[INFO] [stdout]    |
[INFO] [stdout] 22 |     Running(usize),
[INFO] [stdout]    |     ^^^^^^^
[INFO] [stdout] help: you can convert an `i32` to a `usize` and panic if the converted value doesn't fit
[INFO] [stdout]    |
[INFO] [stdout] 67 |                         state = VRState::Running(process.pid().try_into().unwrap())
[INFO] [stdout]    |                                                               ++++++++++++++++++++
[INFO] [stdout] 
[INFO] [stdout] 
[INFO] [stdout] error[E0308]: mismatched types
[INFO] [stdout]    --> src/main.rs:72:43
[INFO] [stdout]     |
[INFO] [stdout] 72  |                     if system.get_process(pid).is_none() {
[INFO] [stdout]     |                               ----------- ^^^ expected `i32`, found `usize`
[INFO] [stdout]     |                               |
[INFO] [stdout]     |                               arguments to this method are incorrect
[INFO] [stdout]     |
[INFO] [stdout] note: method defined here
[INFO] [stdout]    --> /opt/rustwide/cargo-home/registry/src/index.crates.io-6f17d22bba15001f/sysinfo-0.16.0/src/traits.rs:687:8
[INFO] [stdout]     |
[INFO] [stdout] 687 |     fn get_process(&self, pid: Pid) -> Option<&Process>;
[INFO] [stdout]     |        ^^^^^^^^^^^
[INFO] [stdout] help: you can convert a `usize` to an `i32` and panic if the converted value doesn't fit
[INFO] [stdout]     |
[INFO] [stdout] 72  |                     if system.get_process(pid.try_into().unwrap()).is_none() {
[INFO] [stdout]     |                                              ++++++++++++++++++++
[INFO] [stdout] 
[INFO] [stdout] 
[INFO] [stdout] error[E0308]: mismatched types
[INFO] [stdout]   --> src/main.rs:32:43
[INFO] [stdout]    |
[INFO] [stdout] 32 |         Some(process) => VRState::Running(process.pid()),
[INFO] [stdout]    |                          ---------------- ^^^^^^^^^^^^^ expected `usize`, found `i32`
[INFO] [stdout]    |                          |
[INFO] [stdout]    |                          arguments to this enum variant are incorrect
[INFO] [stdout]    |
[INFO] [stdout] note: tuple variant defined here
[INFO] [stdout]   --> src/main.rs:22:5
[INFO] [stdout]    |
[INFO] [stdout] 22 |     Running(usize),
[INFO] [stdout]    |     ^^^^^^^
[INFO] [stdout] help: you can convert an `i32` to a `usize` and panic if the converted value doesn't fit
[INFO] [stdout]    |
[INFO] [stdout] 32 |         Some(process) => VRState::Running(process.pid().try_into().unwrap()),
[INFO] [stdout]    |                                                        ++++++++++++++++++++
[INFO] [stdout] 
[INFO] [stdout] 
[INFO] [stdout] error[E0308]: mismatched types
[INFO] [stdout]   --> src/main.rs:67:50
[INFO] [stdout]    |
[INFO] [stdout] 67 |                         state = VRState::Running(process.pid())
[INFO] [stdout]    |                                 ---------------- ^^^^^^^^^^^^^ expected `usize`, found `i32`
[INFO] [stdout]    |                                 |
[INFO] [stdout]    |                                 arguments to this enum variant are incorrect
[INFO] [stdout]    |
[INFO] [stdout] note: tuple variant defined here
[INFO] [stdout]   --> src/main.rs:22:5
[INFO] [stdout]    |
[INFO] [stdout] 22 |     Running(usize),
[INFO] [stdout]    |     ^^^^^^^
[INFO] [stdout] help: you can convert an `i32` to a `usize` and panic if the converted value doesn't fit
[INFO] [stdout]    |
[INFO] [stdout] 67 |                         state = VRState::Running(process.pid().try_into().unwrap())
[INFO] [stdout]    |                                                               ++++++++++++++++++++
[INFO] [stdout] 
[INFO] [stdout] 
[INFO] [stdout] error[E0308]: mismatched types
[INFO] [stdout]    --> src/main.rs:72:43
[INFO] [stdout]     |
[INFO] [stdout] 72  |                     if system.get_process(pid).is_none() {
[INFO] [stdout]     |                               ----------- ^^^ expected `i32`, found `usize`
[INFO] [stdout]     |                               |
[INFO] [stdout]     |                               arguments to this method are incorrect
[INFO] [stdout]     |
[INFO] [stdout] note: method defined here
[INFO] [stdout]    --> /opt/rustwide/cargo-home/registry/src/index.crates.io-6f17d22bba15001f/sysinfo-0.16.0/src/traits.rs:687:8
[INFO] [stdout]     |
[INFO] [stdout] 687 |     fn get_process(&self, pid: Pid) -> Option<&Process>;
[INFO] [stdout]     |        ^^^^^^^^^^^
[INFO] [stdout] help: you can convert a `usize` to an `i32` and panic if the converted value doesn't fit
[INFO] [stdout]     |
[INFO] [stdout] 72  |                     if system.get_process(pid.try_into().unwrap()).is_none() {
[INFO] [stdout]     |                                              ++++++++++++++++++++
[INFO] [stdout] 
[INFO] [stdout] 
[INFO] [stdout] error: aborting due to 3 previous errors
[INFO] [stdout] 
[INFO] [stdout] 
[INFO] [stdout] For more information about this error, try `rustc --explain E0308`.
[INFO] [stdout] 
[INFO] [stdout] error: aborting due to 3 previous errors
[INFO] [stdout] 
[INFO] [stdout] 
[INFO] [stdout] For more information about this error, try `rustc --explain E0308`.
[INFO] [stdout] 
[INFO] [stderr] error: could not compile `vr-hass-power` (bin "vr-hass-power") due to 4 previous errors
[INFO] [stderr] warning: build failed, waiting for other jobs to finish...
[INFO] [stderr] error: could not compile `vr-hass-power` (bin "vr-hass-power" test) due to 4 previous errors
[INFO] running `Command { std: "docker" "inspect" "94ba6edcf94c5548bfa3908163b091de110e21451dfdcbb5ab70fbac5fc429cb", kill_on_drop: false }`
[INFO] running `Command { std: "docker" "rm" "-f" "94ba6edcf94c5548bfa3908163b091de110e21451dfdcbb5ab70fbac5fc429cb", kill_on_drop: false }`
[INFO] [stdout] 94ba6edcf94c5548bfa3908163b091de110e21451dfdcbb5ab70fbac5fc429cb
